{"id":181,"date":"2014-05-07T14:44:31","date_gmt":"2014-05-07T13:44:31","guid":{"rendered":"http:\/\/new.nehru-schule.de\/wordpress\/?page_id=181"},"modified":"2025-12-08T11:50:03","modified_gmt":"2025-12-08T10:50:03","slug":"hausordnung","status":"publish","type":"page","link":"http:\/\/new.nehru-schule.de\/?page_id=181","title":{"rendered":"Hausordnung"},"content":{"rendered":"<h1><strong>Schulordnung der Jawaharlal-Nehru-Schule Neustrelitz zur Gew\u00e4hrleistung der Ordnung und Sicherheit <span style=\"font-size: 10pt;\">(\u00c4nderungen 17.09.2025)<\/span><\/strong><\/h1>\n<p>vom 03.09.2020; von der SCHUKO genehmigt am 01.10.2020; g\u00fcltig bis zum Widerruf<\/p>\n<p>Die Hausordnung gilt f\u00fcr alle Personen, die sich auf dem Gel\u00e4nde der Schule aufhalten.<\/p>\n<p>&nbsp;<\/p>\n<p><strong><u>0.Allgemeines:<\/u><\/strong><\/p>\n<p><strong>Die Unterrichts- und Pausenzeiten sind wie folgt festgelegt:<\/strong><\/p>\n<ol>\n<li>Stunde: 7.30 \u2013 8.15 Uhr; verk\u00fcrzt 7.30 \u2013 8.00 Uhr<\/li>\n<li>Stunde: 8.25 \u2013 9.10 Uhr; verk\u00fcrzt 8.10 \u2013 8.40 Uhr<\/li>\n<\/ol>\n<p>Gro\u00dfe Pause:&nbsp;&nbsp;&nbsp;&nbsp;&nbsp;&nbsp; 9.10 \u2013 9.30 Uhr<\/p>\n<ol>\n<li>Stunde: 9.30 \u2013 10.15 Uhr; verk\u00fcrzt 9.05 \u2013 9.35 Uhr<\/li>\n<li>Stunde:&nbsp;&nbsp;&nbsp;&nbsp;&nbsp; &nbsp;&nbsp;&nbsp;&nbsp;&nbsp;10.25 \u2013 11.10 Uhr; verk\u00fcrzt 9.45 \u2013 10.15 Uhr<\/li>\n<li>Stunde: 11.20 \u2013 12.05 Uhr; verk\u00fcrzt 10.40 \u2013 11.10 Uhr<\/li>\n<\/ol>\n<p>Mittagspause:&nbsp;&nbsp; &nbsp;&nbsp;&nbsp;&nbsp;12.05 \u2013 12.30 Uhr<\/p>\n<ol>\n<li>Stunde: 12.30 \u2013 13.15 Uhr; verk\u00fcrzt 11.20 \u2013 11.50 Uhr<\/li>\n<\/ol>\n<p>Mittagspause:&nbsp;&nbsp; &nbsp;&nbsp;&nbsp;&nbsp;13.15 \u2013 13.45 Uhr, verk\u00fcrzt ab 11.50 Uhr<\/p>\n<ol>\n<li>Stunde: 13.45 \u2013 14.30 Uhr<\/li>\n<li>Stunde: 14.30 \u2013 15.15 Uhr<\/li>\n<li>&nbsp;<\/li>\n<\/ol>\n<p>Die verk\u00fcrzten Unterrichtszeiten gelten nur bei besonderen Witterungsverh\u00e4ltnissen.<\/p>\n<p>Ab 7.10 Uhr erfolgt die Fr\u00fchaufsicht auf dem Schulgel\u00e4nde. Vorher besteht f\u00fcr Sch\u00fcler kein Aufsichts- und F\u00fcrsorgeschutz.<\/p>\n<p>Fahrsch\u00fcler k\u00f6nnen sich ab 7.10 Uhr auf dem Schulgel\u00e4nde bzw. bei Regenwetter im entsprechend festgelegten Fahrschulraum aufhalten.<\/p>\n<p>Jeder Sch\u00fcler hat nach seiner letzten Unterrichtsstunde unverz\u00fcglich das Schulgel\u00e4nde zu verlassen.<\/p>\n<p>Fahrsch\u00fcler haben das Recht, sich nach der letzten Unterrichtsstunde bis zur Abfahrt des erst m\u00f6glichen Busses in dem daf\u00fcr vorgesehenen Fahrschulraum aufzuhalten.<\/p>\n<p><strong><u>1.Unterrichtsbeginn<\/u><\/strong><\/p>\n<p>Mit dem Vorklingeln legen alle Sch\u00fcler ihre Handys mit eingestelltem \u201eFlugmodus\u201c in die Taschen, suchen den jeweiligen Unterrichtsraum auf und bereiten sich auf den Unterricht vor.<\/p>\n<p>Handys d\u00fcrfen in den Schulgeb\u00e4uden, in der Sporthalle und im Essenraum <strong>auch in den Pausen<\/strong> <strong>nicht <\/strong>benutzt werden, sofern der Fachlehrer dies nicht f\u00fcr Unterrichtszwecke genehmigt.<br>Individuelle Klassenregeln k\u00f6nnen vom KL im Einvernehmen mit den Eltern festgelegt werden.<\/p>\n<p>Die Aufnahme von Fotos und Videos ist generell auch auf dem Schulhof verboten.<\/p>\n<p>Sch\u00fcler k\u00f6nnen in begr\u00fcndeten F\u00e4llen die Eltern vom Sekretariat aus anrufen.<\/p>\n<p>Sch\u00fcler, die ein Schlie\u00dffach benutzen, gehen vor dem Unterrichtsbeginn zu ihren Schlie\u00dff\u00e4chern und nehmen alle n\u00f6tigen Arbeitsmittel f\u00fcr den gesamten Tag mit.<\/p>\n<p>Die UM werden vor Stundenbeginn bereitgelegt, Jacken und Kopfbedeckungen werden abgelegt. N\u00f6tige Ausnahmen werden gesondert geregelt. Antragstellungen f\u00fcr das Tragen von Kopfbedeckungen erfolgen bei der SL.<\/p>\n<p>&nbsp;<\/p>\n<ol start=\"2\">\n<li><strong><u> Pausen und Freistunden<\/u><\/strong><\/li>\n<\/ol>\n<p>In den gro\u00dfen Pausen ist das Schulgeb\u00e4ude unverz\u00fcglich zu verlassen, Essen, Schultaschen und Sportbeutel sind gegebenenfalls mitzuf\u00fchren. In Regenpausen suchen alle den Raum der folgenden Stunde auf und bleiben dort.<\/p>\n<p>In den kleinen Pausen halten sich die SuS im Unterrichtsraum auf bzw. wechseln den Raum.<\/p>\n<p>Der Raumwechsel erfolgt ruhig und z\u00fcgig, es wird nicht geschrien, gedr\u00e4ngelt oder geschubst.<\/p>\n<p>Die R\u00e4ume werden nur in Begleitung des Lehrers betreten.<\/p>\n<p>Das Schulgel\u00e4nde darf in der 2. gro\u00dfen Pause ab Kl.7 zur Aufrechterhaltung der Gesundheit (Mittagessen) verlassen werden. Die Zustimmung der Eltern muss schriftlich vorliegen.<\/p>\n<p><strong><u>&nbsp;<\/u><\/strong><\/p>\n<ol start=\"3\">\n<li><strong><u> Unterricht<\/u><\/strong><\/li>\n<\/ol>\n<p>Im Chemieraum, in den Werk- und in den Computerr\u00e4umen darf nicht gegessen und getrunken werden. Ausnahmen regeln die Fachlehrer.<\/p>\n<p>Nach dem Vorklingeln bereitet sich jeder Sch\u00fcler auf den Unterricht vor.<\/p>\n<p>Im Unterricht herrscht Ruhe, um den Lernerfolg aller zu gew\u00e4hrleisten. Geredet wird nur nach Aufforderung des Lehrers. Den Anweisungen der Lehrer ist stets zu folgen.<\/p>\n<p>W\u00e4hrend des Unterrichts darf in Ausnahmef\u00e4llen nach Absprache mit dem Fachlehrer kurz getrunken werden.<\/p>\n<p>&nbsp;<\/p>\n<ol start=\"4\">\n<li><strong><u> Sicherheit, Ordnung und Sauberkeit<\/u><\/strong><\/li>\n<\/ol>\n<p>Brandschutzma\u00dfnahmen und Brandschutzeinrichtungen sind zu beachten.<\/p>\n<p>Abf\u00e4lle sind in die entsprechenden Abfallbeh\u00e4lter zu entsorgen.<\/p>\n<p>Nach jeder Stunde wird der Platz aufger\u00e4umt. Nach der letzten Stunde werden die St\u00fchle hochgestellt.<\/p>\n<p>In den Pausen wird gel\u00fcftet. Zur gro\u00dfen Pause werden die Raumt\u00fcren geschlossen.<\/p>\n<p>Tiere d\u00fcrfen nicht mitgebracht werden.<\/p>\n<p>Zerst\u00f6rungen und Bemalungen des Schuleigentums werden entsprechend geahndet.<\/p>\n<p>Fenster d\u00fcrfen nur vom Lehrer oder von den von ihm beauftragten Personen ge\u00f6ffnet werden.<\/p>\n<p>Besonders in den Toiletten ist auf Sauberkeit zu achten.<\/p>\n<p><u>&nbsp;<\/u><\/p>\n<ol start=\"5\">\n<li><strong><u> Fahrzeuge<\/u><\/strong><\/li>\n<\/ol>\n<p>Fahrr\u00e4der geh\u00f6ren angeschlossen in den Fahrradst\u00e4nder. Mopeds werden auf den Stellpl\u00e4tzen abgestellt. Ein weiterer Aufenthalt ist hier Sch\u00fclern nicht gestattet.<\/p>\n<p>Das Fahrrad bzw. das Moped wird auf dem Schulgel\u00e4nde geschoben.<\/p>\n<p>Die Schule haftet nicht f\u00fcr eventuelle Sch\u00e4den.<\/p>\n<p>Der Aufenthalt von Sch\u00fclern auf dem Parkplatz f\u00fcr motorgetriebene Fahrzeuge ist untersagt.<\/p>\n<p>&nbsp;<\/p>\n<ol start=\"6\">\n<li><strong><u> Gesundheits- und Brandschutz<\/u><\/strong><\/li>\n<\/ol>\n<p>Rauchen, der Konsum von Drogen, koffeinhaltigen Getr\u00e4nken und Energydrinks, die Benutzung von E-Zigaretten und offenes Feuer sind auf dem Schulgel\u00e4nde und im Sichtbereich der Schule nicht gestattet.<\/p>\n<p>Im Rahmen des Unterrichts oder anderer Veranstaltungen sind Ausnahmen f\u00fcr Feuerschalen, Experimente o.\u00e4. zul\u00e4ssig.<br>Getr\u00e4nke in Dosen, Glasflaschen und nicht verschlie\u00dfbaren Flaschen sind aus Gr\u00fcnden der Gesundheitsf\u00fcrsorge nicht mitzubringen.<\/p>\n<p>Im Brand- oder Katastrophenfall folgen alle den Anweisungen des Lehrers.<\/p>\n<p>Das Tragen von sauberer, der Witterung angepasster und schultauglicher Kleidung versteht sich von selbst.<\/p>\n<ol start=\"7\">\n<li><strong><u> Drogen, Waffen \u2013 k\u00f6rperliche Unversehrtheit<\/u><\/strong><\/li>\n<\/ol>\n<p>Das Mitf\u00fchren von Waffen, Drogen o. \u00e4. jugendgef\u00e4hrdenden Dingen jeder Art ist verboten. <br>Verboten sind ebenfalls so genannte Anscheinswaffen (Gegenst\u00e4nde, die echten Schusswaffen t\u00e4uschend \u00e4hnlichsehen) im Sinne des Waffengesetzes.<\/p>\n<p>Dar\u00fcber hinaus ist das Mitbringen gef\u00e4hrlicher Gegenst\u00e4nde und Substanzen verboten, z.B. K\u00fcchen- und Taschenmesser, Werkzeuge, Pfefferspray, Laserpointer, Feuerwerksk\u00f6rper, Chemikalien, Spielzeugwaffen)<\/p>\n<p>Bei offiziell begr\u00fcndetem Verdacht darf der Lehrer Taschenkontrollen durchf\u00fchren, um solche gegebenenfalls sicherzustellen. Die Genehmigung der Eltern wird dazu vorher telefonisch eingeholt. Je nach Umstand und bei Nichterreichen der Eltern wird die Polizei hinzugezogen. Verfassungswidrige Schmierereien oder Parolen werden dem Verfassungsschutz gemeldet.<\/p>\n<ol start=\"8\">\n<li><strong><u> Sonstiges<\/u><\/strong><\/li>\n<\/ol>\n<p>Zum erzieherischen Auftrag unserer Schule geh\u00f6rt auch, dass Jugendliche eine Vorstellung davon entwickeln, welche Kleidung f\u00fcr welche Situationen angemessen ist. Die SuS sind entsprechend der Jahreszeit, Wetterlage bzw. Situation ordentlich und den Anstand wahrend gekleidet.<\/p>\n<p>Freundliches Gr\u00fc\u00dfen, \u201eBitte\u201c und \u201eDanke\u201c f\u00f6rdern ein angenehmes Miteinander und tragen zum Wohlf\u00fchlen bei.<\/p>\n<ol start=\"9\">\n<li><strong><u> Verst\u00f6\u00dfe<\/u><\/strong><\/li>\n<\/ol>\n<p>Verst\u00f6\u00dfe gegen die Hausordnung werden dem Schulgesetz entsprechend geahndet.<\/p>\n<p>&nbsp;<\/p>\n<p><a href=\"http:\/\/new.nehru-schule.de\/wordpress\/wp-content\/uploads\/2025\/12\/Regeln-fuer-den-Umgang-miteinander.pdf\">Regeln f\u00fcr den Umgang miteinander<\/a><\/p>\n\n","protected":false},"excerpt":{"rendered":"<p>Schulordnung der Jawaharlal-Nehru-Schule Neustrelitz zur Gew\u00e4hrleistung der Ordnung und Sicherheit (\u00c4nderungen 17.09.2025) vom 03.09.2020; von der SCHUKO genehmigt am 01.10.2020; g\u00fcltig bis zum Widerruf Die Hausordnung gilt f\u00fcr alle Personen, die sich auf dem Gel\u00e4nde der Schule aufhalten. &nbsp; 0.Allgemeines: &hellip; <a href=\"http:\/\/new.nehru-schule.de\/?page_id=181\">Weiterlesen <span class=\"meta-nav\">&rarr;<\/span><\/a><\/p>\n","protected":false},"author":1,"featured_media":0,"parent":0,"menu_order":0,"comment_status":"closed","ping_status":"closed","template":"","meta":{"ngg_post_thumbnail":0,"footnotes":""},"class_list":["post-181","page","type-page","status-publish","hentry"],"_links":{"self":[{"href":"http:\/\/new.nehru-schule.de\/index.php?rest_route=\/wp\/v2\/pages\/181","targetHints":{"allow":["GET"]}}],"collection":[{"href":"http:\/\/new.nehru-schule.de\/index.php?rest_route=\/wp\/v2\/pages"}],"about":[{"href":"http:\/\/new.nehru-schule.de\/index.php?rest_route=\/wp\/v2\/types\/page"}],"author":[{"embeddable":true,"href":"http:\/\/new.nehru-schule.de\/index.php?rest_route=\/wp\/v2\/users\/1"}],"replies":[{"embeddable":true,"href":"http:\/\/new.nehru-schule.de\/index.php?rest_route=%2Fwp%2Fv2%2Fcomments&post=181"}],"version-history":[{"count":0,"href":"http:\/\/new.nehru-schule.de\/index.php?rest_route=\/wp\/v2\/pages\/181\/revisions"}],"wp:attachment":[{"href":"http:\/\/new.nehru-schule.de\/index.php?rest_route=%2Fwp%2Fv2%2Fmedia&parent=181"}],"curies":[{"name":"wp","href":"https:\/\/api.w.org\/{rel}","templated":true}]}}